the value of (92 - 34 - 46) + (2 - (-2 - -9))?
7
What is the value of -3 + 4 + -6 + (-11 - -6)?
-10
What is -34 + 52 + 27 + -16?
29
What is 18 - (10 + -6) - 11?
3
What is the value of -2 + (24 - 22) + 1 + -2 - -6?
5
What is -6 + (8 - 21) + 38 - (-1 + 8)?
12
What is -374 - -362 - (0 - -13)?
-25
5 + (13 - 0 - 18)
0
What is 75 - 80 - (-7 + 1)?
1
What is the value of 11 + 21 + 4 + -9 + -9?
18
What is (-4 - (1 + 1)) + 3 + 4?
1
What is the value of 0 + -2 - (16 + (-4 - 24) + 2)?
8
Evaluate 10 - (2 + -1 + 54 + -54 + 4).
5
Calculate -35 + -8 + 0 + 16.
-27
Calculate 4 - 0 - (8 + -5 - -11).
-10
3 + -2 - ((-1 - -6) + 4)
-8
(-7 - -1) + 14 - (14 - 16)
10
What is the value of (-15 - -36) + -17 - 4?
0
What is the value of -151 + 150 + 25 + -4?
20
Calculate 8 + 2 + (6 - (9 + 4)).
3
What is 142 - 131 - (-1 - (-3 + 3) - 1)?
13
1 + -8 - (18 + (26 - 42))
-9
Evaluate 7 - (-6 + 3 + 2 - -3 - 8).
13
Calculate (-8 - 3) + 18 + -1 + -12.
-6
Evaluate 6 + 30 + -26 - (24 - 1).
-13
-12 - (17 - 8 - 20) - (7 - 1)
-7
What is -6 - (-12 - 0 - 0)?
6
19 + 3 + (1 - 26)
-3
What is 4 + (6 - (-3 - -13) - -1)?
1
Calculate -13 + (1 - -23) + -32.
-21
Calculate 9 + -9 - (10 - 15).
5
What is (-9 - -24 - 2) + -9?
4
What is the value of 139 + -151 - ((-2 - -2) + 2 + 1)?
-15
Calculate -9 - -6 - (-3 + 10 + -5 + -1).
-4
Calculate 7 + -2 + 1 + -1 + -645 + 633.
-7
(18 + -7 - 1) + (-3 - -1) + -4
4
Evaluate (-8 - (-11 + (10 - 14))) + 5.
12
(-3 - -1) + -5 - -3 - (-9 + 14)
-9
Calculate -3 + -4 + 4 + -3 + (-1 - -2).
-5
What is -3 - ((-12 - (-11 + 11)) + 9)?
0
What is 13 + 0 + 195 + -229?
-21
-12 - (-28 - -31 - (5 - 0))
-10
What is the value of 8 - 1 - ((-125 - -137) + 0 + -9)?
4
-13 + -1 + (-1 - -12 - (-43 - -46))
-6
-81 + 74 - (-3 + 3 + 3)
-10
Evaluate (-26 + 40 - -5) + 2 + (-2 - 2).
17
What is the value of (-377 - -371) + (6 - (2 - 2))?
0
What is the value of (-4 - (-1 - 34)) + -185 + 170?
16
Calculate (3 - 7 - -17) + -1.
12
What is the value of (323 - 340) + (0 + -2 - -1)?
-18
What is the value of 13 + 1 + 2 + -8 + 2?
10
What is the value of 0 + (-3 - (1 - 3)) - (9 + -3)?
-7
-45 - (-20 + -30) - (3 + -9 + -1)
12
Evaluate 4 + 13 + 0 - (6 - (6 + -6)).
11
Calculate (0 - 51) + (-16 - -41).
-26
Evaluate 8 + 10 + -21 - ((1 - 2) + -5).
3
Evaluate -87 + 77 - ((0 - 3) + 6).
-13
What is the value of 5 + -5 + 0 + (14 - 23)?
-9
Evaluate (-5 + 1 + 7 - 9) + (0 - 14).
-20
-5 - (20 + 2 + -4 + -7)
-16
Calculate -36 + 59 - 46 - 2.
-25
What is 7 - (-50 + 38 + 43)?
-24
What is the value of 9 + -3 + (-3 + (-8 - -8) - 3)?
0
(-4 - -1 - (5 + -11)) + 6 + -15
-6
Evaluate 24 + 5 + -27 + 12.
14
Calculate (-12 - -26) + -24 + -1 - 2.
-13
What is 16 - (16 + -26 - -12 - (2 + 1))?
17
-14 - (6 + 3 - 28)
5
Calculate (13 - -14) + -17 + 5 + 4.
19
What is the value of 15 + 15 + -24 - (-11 - 2)?
19
Calculate (2 - -3 - 2) + (-2 - (3 + -8)).
6
What is the value of 43 + -51 + 30 + (2 - -9) + -4?
29
What is -1 - (1 + -14 + 7) - -5?
10
Evaluate (-2 - 10) + -10 + (8 - 4).
-18
(6 - -2) + -53 + 18 + 45
18
Evaluate 12 - 20 - -11 - (0 + 9).
-6
Evaluate -13 + (8 - 10) + 15.
0
Calculate (18 - -1) + -6 + 3 + 2 + 0.
18
(28 - (-25 - -21)) + -14
18
Evaluate (-4 - -11) + (6 - (-7 + 29)).
-9
Calculate 20 - (22 + -2 + -13).
13
2 + -1 + -1 + (-107 - -100)
-7
What is 6 + -25 - (-14 + 2)?
-7
Evaluate -11 + (-3 - -4) + (-3 - -15) + 21.
23
Calculate 3 + 2 + -1 + 101 + -121.
-16
What is the value of 23 - (29 + -39 + -3 + -1)?
37
Calculate 3 - 12 - (-20 - -6).
5
-518 - -492 - (2 + -13)
-15
What is the value of -8 + (11 - (12 + -8 + 1 + 0))?
-2
What is -4 - (-14 + 6 + 0) - (16 - 2)?
-10
What is -13 - 1 - (49 + -51)?
-12
What is the value of -8 + 9 - -13 - 5?
9
What is 3 - (-9 - 19 - -45)?
-14
117 - 114 - (-2 + -2 + (1 - 3))
9
What is the value of (-8 - -16) + 18 + (7 + -4 - 1)?
28
What is 8 + (1 + (2 - -1) - (-717 + 715))?
14
What is 1716 + -1683 + -9 + -1?
23
1 + (-4 - (-7 - 4) - -2)
10
What is the value of 48 - 40 - (2 - -9)?
-3
15 - (36 - 7) - (-1 - 6)
-7
Evaluate 675 - 675 - (-7 - 1).
8
What is the value of 10 + -20 + 10 - 5?
-5
Calculate 19 + -26 - (-13 - 21).
27
-12 + (11 - (-10 + 1))
8
What is the value of -6 - (-3 - (-3 - (4 - (11 - 7))))?
-6
Calculate (2 - -13) + 0 + -5 - (131 - 87).
-34
Calculate 11 + -2 + -1 - (-1 - -35 - 13).
-13
(20 - (-9 + 16)) + -1 + -2 + 0
10
Evaluate -10 - (-18 + 16) - 1.
-9
What is the value of (0 - (13 - 1)) + 265 + -262?
-9
(-32 - -20) + 8 + 2
-2
Calculate 10 + (2 - 38) + 4.
-22
Calculate 13 - 29 - -6 - -4.
-6
47 + -36 - (8 - (-4 + 5))
4
-6 - (-25 - -10 - -10 - -13)
-14
Evaluate 306 - 282 - (14 - 2).
12
Calculate (-3 - -6) + (-11 + 11 - -9).
12
Calculate -3 + -1 - -3 - (23 + (-45 - -26)).
-5
What is the value of 9 - (-13 - (0 + -5)) - 9 - 23?
-15
Calculate (0 - 9 - 1) + 932 + -919 + 1.
4
What is the value of 126 - 121 - (-10 + 38)?
-23
Evaluate 8 - (-22 + (36 - -2)).
-8
What is (3 - 2 - 24) + (-9 - (-21 - -8))?
-19
(-6 - -12) + 0 - ((-1 - -1) + 14)
-8
What is the value of 5 + 5 - 3 - -1?
8
Calculate -9 + -4 + -5 + -3 + 15 - 7.
-13
Calculate 7 - (9 + 11 + -4).
-9
What is -18 + (25 - -17) + -5?
19
What is -8 - ((-1 - 2) + 9 + -13 - -3)?
-4
46 - 57 - -14 - (1 - -7)
-5
-2 - (9 - 7 - (5 - (3 + -6)))
4
What is the value of (11 - (27 + 0)) + 32?
16
What is -5 - (-4 + -14 + (0 - -17))?
-4
Calculate 22 - (-7 + 20 - -4).
5
Evaluate 35 + -21 - 6 - -28.
36
Evaluate 34 - (26 + -19) - (7 - 0) - 7.
13
-9 + (-8 - (7 + -28 + 11))
-7
Calculate -7 - 0 - (-4 - 12 - (-23 - -30)).
16
What is 12 + -16 + (24 - 3) - 2?
15
What is the value of -19 + (-18 - (-16 + -16))?
-5
Calculate (15 + (-10 - -2) - -12) + -30.
-11
What is the value of 59 + -68 - (-18 + 2)?
7
Calculate (-19 + -4 - (-7 + 2)) + 3 - -2.
-13
What is the value of -1 + (3 - -10) + (-25 + 18 - -4)?
9
Calculate 5 - (12 - -6) - (31 + -34).
-10
Evaluate (1 + 8 - 2) + -3504 + 3490.
-7
Evaluate -8 - (-2 - 8) - (13 + -8).
-3
What is the value of 1 - -1 - ((0 + 3 - -1) + -17)?
15
(-13 - 24) + 68 + -68
-37
What is the value of -22 + (-4 - -1) + (12 - (-3 - -10))?
-20
(7 + 3 - 2 - 1 - 6) + -1
0
Evaluate (-23 - -11) + 17 + 7.
12
What is the value of 18 + -7 - 15 - -2 - -5?
3
What is 12 + -15 - (-3 - 1) - -5?
6
What is the value of -9 + (-33 - -29) - (5 + (-3 - -2))?
-17
-12 + -2 + 21 + (-3 - 11)
-7
-22 - -9 - (7 - (12 + -6))
-14
-1 + 0 + (16 - 3 - 3 - 6)
3
What is 30 + -53 - ((-2 - (-6 + 2)) + -4)?
-21
What is 105 + -113 - (4 + 20 + -3)?
-29
What is the value of (-9 - (-1 - (-5 + 6))) + 12?
5
-51 + 46 - (1 + -13)
7
(1 + 1 - (-38 + 28)) + -6 + 15
21
What is 14 + (2 - -1 - (-82 - -93))?
6
(1 - 22) + (-54 - -68)
-7
What is 2 + -8 + 5 + -2 + (-1 - -14)?
10
Calculate 39 - ((21 - 15) + 21).
12
Calculate 5 + -3 - -6 - (-18 + -15 + 30).
11
Evaluate (0 - (-3 + -1)) + (2 - 5 - 6).
-5
-6 + -10 - -13 - 2 - -14
9
Evaluate 7 + (-8 - (-12 + -13 + 11)).
13
80 - 70 - (7 + 8)
-5
Calculate 11 + 5 + (8 - 18) + -14.
-8
(0 + 15 - (-234 - -243)) + -14
-8
Evaluate 1 + (8 + -5 + -4 - (-1 - 5)).
6
Evaluate -8 + -4 + 3 - (-215 + 205).
1
Calculate 10 - (24 - 3 - 10).
-1
What is 6 + -10 + 14 + -1?
9
Evaluate 10 + -1 + (-41 - (-13 + (-6 - -17))).
-30
Evaluate (6 - (-3 + 9)) + -11.
-11
-35 + 13 - (-5 - 8)
-9
Calculate -6 + -5 - (-20 + -13 + 10).
12
Evaluate 9 + (-2 - 2) + 14.
19
Evaluate -10 + 24 + (-56 - -27).
-15
(-35 - -36) + -9 + -17
-25
What is the value of -68 + 57 - (8 - 16)?
-3
What is -1 - -10 - (-543 - -537)?
15
What is the value of (-25 - -23) + (-3 - -2) + -11?
-14
Calculate 3 + 1 + -12 - ((9 - -2) + -40).
21
What is the value of -9 - -6 - (149 + -149)?
-3
Calculate 7 - (-24 + 12) - (-1 + 3 + -3).
20
Evaluate -10 + (7 - 20) + 4 + 5 + -2.
-16
-2145 + 2144 + (-1 + (-1 - 1) - 0)
-4
-17 - -2 - (2 - (12 + -6))
-11
What is (0 - (-4 + 2 + (2 - -7))) + 20?
13
Evaluate -9 + -41 + 34 + -10.
-26
What is the value of -8 - ((-1 - -2) + 52 + -58) - -2?
-1
What is the value of 27 + -4 - (5 + 7 + -4)?
15
-15 + (-2 - (8 + (-21 + 2 - -10)))
-16
Calculate 26 + 2 + (-13 - -31 - 18).
28
-47 + 4 + (12 - (3 - -1))
-35
What is the value of 9 - (18 + -22 + (12 - 1) + 22)?
-20
Evaluate (-7 - -2 - (9 - -15 - 15)) + 9.
-5
What is 34 - (42 - 13) - (-1 + 17 - -3)?
-14
(73 - 47) + -20 - (-4 - (2 - 1))
11
What is 1 - 7 - (9 - 2)?
-13
Calculate 3 - (51 + -56 + (-2 - -8)).
2
Calculate -2 + 4 + 17 + (-3 - (6 + -10)).
20
7 - (-5 + (-6 - -7) + 9 - -3)